factor of 180?
True
Does 10 divide 180?
True
Is 360 a multiple of 10?
True
Is 2 a factor of 718?
True
Is 1517 a multiple of 135?
False
Is 3306 a multiple of 62?
False
Is 83 a factor of 5312?
True
Does 34 divide 1501?
False
Is 27 a factor of 177849?
True
Is 4305 a multiple of 9?
False
Is 3813 a multiple of 16?
False
Is 9163 a multiple of 49?
True
Is 711 a multiple of 45?
False
Is 12495 a multiple of 51?
True
Is 14 a factor of 342?
False
Is 123 a factor of 7257?
True
Does 18 divide 1062?
True
Is 24 a factor of 467?
False
Is 6318 a multiple of 13?
True
Is 70 a factor of 910?
True
Is 12576 a multiple of 96?
True
Is 317 a factor of 2791?
False
Is 572 a multiple of 3?
False
Is 21528 a multiple of 13?
True
Is 3 a factor of 2721?
True
Is 18 a factor of 16344?
True
Is 29 a factor of 3294?
False
Does 63 divide 441?
True
Is 983 a multiple of 86?
False
Does 3 divide 5143?
False
Is 17 a factor of 15324?
False
Does 87 divide 174?
True
Is 3069 a multiple of 3?
True
Is 14 a factor of 10683?
False
Is 877 a multiple of 19?
False
Is 702 a multiple of 26?
True
Does 15 divide 45?
True
Is 64 a factor of 768?
True
Is 512 a multiple of 16?
True
Does 9 divide 2323?
False
Does 44 divide 560?
False
Is 2204 a multiple of 58?
True
Is 12 a factor of 1083?
False
Is 2149 a multiple of 13?
False
Is 24 a factor of 3408?
True
Is 10 a factor of 20829?
False
Is 12 a factor of 71340?
True
Is 38 a factor of 4557?
False
Does 16 divide 80?
True
Is 2099 a multiple of 18?
False
Is 182 a multiple of 7?
True
Does 23 divide 50984?
False
Is 40 a factor of 87320?
True
Is 1775 a multiple of 5?
True
Is 11 a factor of 4200?
False
Is 610 a multiple of 19?
False
Does 6 divide 2718?
True
Is 3 a factor of 2163?
True
Is 3364 a multiple of 58?
True
Is 10 a factor of 30?
True
Is 6 a factor of 3802?
False
Is 3 a factor of 165?
True
Is 14 a factor of 3354?
False
Does 28 divide 882?
False
Is 196 a multiple of 18?
False
Is 11 a factor of 110?
True
Is 64073 a multiple of 297?
False
Is 1243 a multiple of 113?
True
Is 3123 a multiple of 23?
False
Does 3 divide 26316?
True
Is 20 a factor of 795?
False
Is 96 a factor of 1152?
True
Is 362 a multiple of 15?
False
Is 105 a multiple of 15?
True
Is 14330 a multiple of 10?
True
Is 11390 a multiple of 34?
True
Is 874 a multiple of 23?
True
Is 819 a multiple of 21?
True
Is 13 a factor of 1209?
True
Does 86 divide 31390?
True
Is 13 a factor of 37648?
True
Does 85 divide 1079?
False
Does 40 divide 400?
True
Is 19 a factor of 247?
True
Is 1372 a multiple of 52?
False
Is 81 a factor of 672?
False
Is 49 a factor of 33449?
False
Is 15 a factor of 855?
True
Does 89 divide 17978?
True
Does 26 divide 98462?
True
Does 77 divide 5219?
False
Is 14 a factor of 896?
True
Is 4510 a multiple of 22?
True
Does 10 divide 582?
False
Does 17 divide 13192?
True
Does 6 divide 1247?
False
Is 170 a factor of 49524?
False
Is 32 a factor of 12512?
True
Is 11 a factor of 48257?
True
Is 56 a factor of 3472?
True
Is 21 a factor of 2562?
True
Is 22222 a multiple of 271?
True
Is 262 a multiple of 3?
False
Is 15 a factor of 21722?
False
Is 1591 a multiple of 9?
False
Does 42 divide 5212?
False
Does 176 divide 25168?
True
Does 23 divide 1932?
True
Is 7600 a multiple of 200?
True
Is 45195 a multiple of 115?
True
Is 4 a factor of 322?
False
Is 60 a multiple of 5?
True
Does 209 divide 66880?
True
Does 105 divide 64842?
False
Is 37 a factor of 74?
True
Does 100 divide 40400?
True
Is 32 a factor of 998?
False
Is 88864 a multiple of 27?
False
Is 3553 a multiple of 20?
False
Is 57 a factor of 437?
False
Is 5 a factor of 270?
True
Does 8 divide 4904?
True
Is 6 a factor of 6899?
False
Does 217 divide 14191?
False
Does 20 divide 1218?
False
Is 5610 a multiple of 33?
True
Is 65 a factor of 1625?
True
Is 10 a factor of 3151?
False
Is 136 a multiple of 4?
True
Is 11 a factor of 165?
True
Is 408 a multiple of 36?
False
Is 234 a factor of 21762?
True
Is 471 a multiple of 24?
False
Is 21 a factor of 26838?
True
Is 45 a multiple of 2?
False
Is 10 a factor of 3220?
True
Is 3400 a multiple of 46?
False
Is 13855 a multiple of 17?
True
Is 17 a factor of 10676?
True
Does 56 divide 672?
True
Is 490 a multiple of 20?
False
Is 2080 a multiple of 40?
True
Is 343 a multiple of 21?
False
Does 124 divide 43400?
True
Is 295 a factor of 40440?
False
Does 12 divide 15306?
False
Is 6 a factor of 507?
False
Is 7030 a multiple of 19?
True
Does 16 divide 640?
True
Does 16 divide 48?
True
Does 13 divide 2420?
False
Is 5 a factor of 18723?
False
Is 1971 a multiple of 22?
False
Is 25 a factor of 4573?
False
Does 145 divide 33205?
True
Does 3 divide 34?
False
Does 9 divide 17863?
False
Does 11 divide 24226?
False
Does 70 divide 11830?
True
Is 21369 a multiple of 66?
False
Does 12 divide 697?
False
Is 1258 a multiple of 89?
False
Does 39 divide 663?
True
Is 10881 a multiple of 9?
True
Does 7 divide 413?
True
Is 14 a factor of 5261?
False
Does 37 divide 8547?
True
Is 2627 a multiple of 10?
False
Is 35 a factor of 14770?
True
Is 1120 a multiple of 7?
True
Is 4946 a multiple of 9?
False
Is 13440 a multiple of 30?
True
Is 53258 a multiple of 31?
True
Does 13 divide 1586?
True
Is 86 a factor of 13158?
True
Is 30 a factor of 677?
False
Is 16 a factor of 28924?
False
Is 2484 a multiple of 138?
True
Does 10 divide 460?
True
Is 123 a multiple of 25?
False
Is 3 a factor of 1908?
True
Is 83 a factor of 6889?
True
Is 10296 a multiple of 66?
True
Does 109 divide 1174?
False
Is 973 a multiple of 8?
False
Is 27 a factor of 2018?
False
Is 93 a factor of 6455?
False
Is 53 a factor of 1060?
True
Is 2838 a multiple of 86?
True
Is 6 a factor of 59?
False
Does 4 divide 32?
True
Is 60 a multiple of 20?
True
Is 62068 a multiple of 210?
False
Does 155 divide 5971?
False
Does 25 divide 4783?
False
Is 11735 a multiple of 12?
False
Is 1740 a multiple of 16?
False
Is 7134 a multiple of 96?
False
Does 8 divide 1864?
True
Is 440 a multiple of 44?
True
Is 160 a multiple of 4?
True
Is 40720 a multiple of 40?
True
Is 3710 a multiple of 16?
False
Is 24 a factor of 1391?
False
Is 71 a factor of 426?
True
Is 208 a multiple of 16?
True
Is 74 a factor of 1239?
False
Does 6 divide 167?
False
Is 1902 a multiple of 70?
False
Is 2 a factor of 50?
True
Does 11 divide 34650?
True
Is 13734 a multiple of 126?
True
Does 14 divide 4172?
True
Is 490 a multiple of 88?
False
Is 11 a factor of 5225?
True
Does 2 divide 12?
True
Is 18 a factor of 1251?
False
Does 8 divide 429?
False
Is 58 a factor of 623?
False
Is 1079 a multiple of 24?
False
Is 135360 a multiple of 320?
True
Does 40 divide 1200?
True
Is 5 a factor of 281?
False
Is 5142 a multiple of 3?
True
Is 19 a factor of 437?
True
Is 158 a factor of 8690?
True
Does 22 divide 252?
False
Does 2 divide 1345?
False
Does 54 divide 1566?
True
Does 58 divide 4819?
False
Is 34 a factor of 1383?
False
Is 40 a factor of 4015?
False
Does 4 divide 573?
False
Is 9804 a multiple of 12?
True
Is 107 a factor of 29159?
False
Does 108 divide 28556?
False
Is 5206 a multiple of 19?
True
Does 14 divide 12960?
False
Does 2 divide 245?
False
Is 12 a factor of 324?
True
Does 110 divide 1162?
False
Is 34 a factor of 669?
False
Is 848 a multiple of 106?
True
Is 41 a factor of 75454?
False
Is 35 a factor of 1820?
True
Is 149366 a multiple of 19?
False
Is 20 a factor of 15065?
False
Is 16 a factor of 49616?
True
Is 15 a factor of 3636?
False
Does 57 divide 1144?
False
Does 124 divide 11408?
True
Is 29 a factor of 87?
True
Is 442 a multiple of 13?
True
Is 6 a factor of 4326?
True
Is 1530 a multiple of 4?
False
Does 20 divide 379?
False
Is 26 a factor of 2262?
True
Is 480 a multiple of 8?
True
Is 71 a factor of 22152?
True
Is 12 a factor of 501?
False
Does 17 divide 18105?
True
Is 118 a factor of 2596?
True
Is 3891 a multiple of 163?
False
Is 127 a factor of 484?
False
Does 39 divide 4757?
False
Does 52 divide 1612?
True
Does 74 divide 1432?
False
Is 45 a factor of 64959?
False
Is 5 a factor of 66?
False
Is 14 a factor of 1372?
True
Does 2 divide 500?
True
Is 112 a factor of 5936?
True
Is 510 a multiple of 4?
False
Is 54 a multiple of 9?
True
Is 88 a factor of 5280?
True
Does 10 divide 6780?
True
Is 1325 a multiple of 5?
True
Is 261 a multiple of 3?
True
Is 30 a factor of 480?
True
Is 1500 a multiple of 9?
False
Is 6 a factor of 1981?
False
Does 50 divide 3600?
T